{"id":5193,"date":"2025-06-05T12:09:22","date_gmt":"2025-06-05T10:09:22","guid":{"rendered":"https:\/\/conshannover.esteri.it\/?page_id=5193"},"modified":"2025-06-05T12:09:22","modified_gmt":"2025-06-05T10:09:22","slug":"laboratorio-italiarte-dedicato-alla-cultura-italiana-2025","status":"publish","type":"page","link":"https:\/\/conshannover.esteri.it\/it\/servizi-consolari\/servizi-per-il-cittadino-italiano\/studi\/studio-della-lingua-italiana-nella-circoscrizione-consolare-di-hannover\/sezioni-bilingui-in-scuole-tedesche\/news-dalla-scuola\/laboratorio-italiarte-dedicato-alla-cultura-italiana-2025\/","title":{"rendered":"Laboratorio &#8220;italiArte&#8221; dedicato alla cultura italiana 2025"},"content":{"rendered":"<p><img loading=\"lazy\" decoding=\"async\" class=\"wp-image-4669 img-fluid aligncenter\" src=\"https:\/\/conshannover.esteri.it\/wp-content\/uploads\/2025\/02\/Logo_Doernstrasse.jpg\" alt=\"\" width=\"272\" height=\"151\" srcset=\"https:\/\/conshannover.esteri.it\/wp-content\/uploads\/2025\/02\/Logo_Doernstrasse.jpg 768w, https:\/\/conshannover.esteri.it\/wp-content\/uploads\/2025\/02\/Logo_Doernstrasse-300x166.jpg 300w\" sizes=\"auto, (max-width: 272px) 100vw, 272px\" \/><\/p>\n<p>Si \u00e8 conclusa con grande successo la settimana di progetto presso la scuola Dohrnstra\u00dfe di Amburgo. Il laboratorio &#8220;italiArte&#8221; dedicato alla cultura italiana condotto dall&#8217; insegnante ministeriale Marilena Mazz\u00e0 coadiuvata dal praticante Erasmus Abdelrahman Abdalla , ha coinvolto un gruppo eterogeneo di alunni, spaziando dalla pre-scuola alla quarta classe della scuola primaria, in un percorso di scoperta dell&#8217;arte italiana.<\/p>\n<p>&nbsp;<\/p>\n<p>Attraverso il laboratorio &#8220;italiArte&#8221;, i giovani partecipanti hanno avuto l&#8217;opportunit\u00e0 di esplorare le peculiarit\u00e0 artistiche del nostro Paese. Culmine del progetto sono state le attivit\u00e0 pratiche che hanno visto i bambini impegnati nella realizzazione di opere ispirate a figure iconiche come i volti stilizzati di Amedeo Modigliani e una reinterpretazione contemporanea della celebre Gioconda di Leonardo da Vinci.<\/p>\n<p>&nbsp;<\/p>\n<p>In occasione dell&#8217;esposizione conclusiva dei diversi laboratori didattici, il team di progetto ha offerto ai genitori presenti un&#8217;emozionte flashmob<\/p>\n<p>&nbsp;<\/p>\n<p>Flashmob:<\/p>\n<table width=\"260\">\n<tbody>\n<tr>\n<td width=\"260\">Link per il download<br \/>\n<a href=\"https:\/\/we.tl\/t-Y7Lf5jQGvS?utm_campaign=TRN_TDL_05&amp;utm_source=sendgrid&amp;utm_medium=email&amp;trk=TRN_TDL_05\">https:\/\/we.tl\/t-Y7Lf5jQGvS<\/a><\/td>\n<\/tr>\n<\/tbody>\n<\/table>\n","protected":false},"excerpt":{"rendered":"Si \u00e8 conclusa con grande successo la settimana di progetto presso la scuola Dohrnstra\u00dfe di Amburgo. Il laboratorio &#8220;italiArte&#8221; dedicato alla cultura italiana condotto dall&#8217; insegnante ministeriale Marilena Mazz\u00e0 coadiuvata dal praticante Erasmus Abdelrahman Abdalla , ha coinvolto un gruppo eterogeneo di alunni, spaziando dalla pre-scuola alla quarta classe della scuola primaria, in un percorso [&hellip;]","protected":false},"author":8,"featured_media":0,"parent":2849,"menu_order":5,"comment_status":"closed","ping_status":"closed","template":"","meta":{"footnotes":""},"class_list":["post-5193","page","type-page","status-publish","hentry"],"_links":{"self":[{"href":"https:\/\/conshannover.esteri.it\/it\/wp-json\/wp\/v2\/pages\/5193","targetHints":{"allow":["GET"]}}],"collection":[{"href":"https:\/\/conshannover.esteri.it\/it\/wp-json\/wp\/v2\/pages"}],"about":[{"href":"https:\/\/conshannover.esteri.it\/it\/wp-json\/wp\/v2\/types\/page"}],"author":[{"embeddable":true,"href":"https:\/\/conshannover.esteri.it\/it\/wp-json\/wp\/v2\/users\/8"}],"replies":[{"embeddable":true,"href":"https:\/\/conshannover.esteri.it\/it\/wp-json\/wp\/v2\/comments?post=5193"}],"version-history":[{"count":2,"href":"https:\/\/conshannover.esteri.it\/it\/wp-json\/wp\/v2\/pages\/5193\/revisions"}],"predecessor-version":[{"id":5224,"href":"https:\/\/conshannover.esteri.it\/it\/wp-json\/wp\/v2\/pages\/5193\/revisions\/5224"}],"up":[{"embeddable":true,"href":"https:\/\/conshannover.esteri.it\/it\/wp-json\/wp\/v2\/pages\/2849"}],"wp:attachment":[{"href":"https:\/\/conshannover.esteri.it\/it\/wp-json\/wp\/v2\/media?parent=5193"}],"curies":[{"name":"wp","href":"https:\/\/api.w.org\/{rel}","templated":true}]}}

<p><img loading="lazy" decoding="async" class="wp-image-4669 img-fluid aligncenter" src="https://conshannover.esteri.it/wp-content/uploads/2025/02/Logo_Doernstrasse.jpg" alt="" width="272" height="151" srcset="https://conshannover.esteri.it/wp-content/uploads/2025/02/Logo_Doernstrasse.jpg 768w, https://conshannover.esteri.it/wp-content/uploads/2025/02/Logo_Doernstrasse-300x166.jpg 300w" sizes="auto, (max-width: 272px) 100vw, 272px" /></p>
<p>Si è conclusa con grande successo la settimana di progetto presso la scuola Dohrnstraße di Amburgo. Il laboratorio &#8220;italiArte&#8221; dedicato alla cultura italiana condotto dall&#8217; insegnante ministeriale Marilena Mazzà coadiuvata dal praticante Erasmus Abdelrahman Abdalla , ha coinvolto un gruppo eterogeneo di alunni, spaziando dalla pre-scuola alla quarta classe della scuola primaria, in un percorso di scoperta dell&#8217;arte italiana.</p>
<p>&nbsp;</p>
<p>Attraverso il laboratorio &#8220;italiArte&#8221;, i giovani partecipanti hanno avuto l&#8217;opportunità di esplorare le peculiarità artistiche del nostro Paese. Culmine del progetto sono state le attività pratiche che hanno visto i bambini impegnati nella realizzazione di opere ispirate a figure iconiche come i volti stilizzati di Amedeo Modigliani e una reinterpretazione contemporanea della celebre Gioconda di Leonardo da Vinci.</p>
<p>&nbsp;</p>
<p>In occasione dell&#8217;esposizione conclusiva dei diversi laboratori didattici, il team di progetto ha offerto ai genitori presenti un&#8217;emozionte flashmob</p>
<p>&nbsp;</p>
<p>Flashmob:</p>
<table width="260">
<tbody>
<tr>
<td width="260">Link per il download<br />
<a href="https://we.tl/t-Y7Lf5jQGvS?utm_campaign=TRN_TDL_05&amp;utm_source=sendgrid&amp;utm_medium=email&amp;trk=TRN_TDL_05">https://we.tl/t-Y7Lf5jQGvS</a></td>
</tr>
</tbody>
</table>

Si è conclusa con grande successo la settimana di progetto presso la scuola Dohrnstraße di Amburgo. Il laboratorio &#8220;italiArte&#8221; dedicato alla cultura italiana condotto dall&#8217; insegnante ministeriale Marilena Mazzà coadiuvata dal praticante Erasmus Abdelrahman Abdalla , ha coinvolto un gruppo eterogeneo di alunni, spaziando dalla pre-scuola alla quarta classe della scuola primaria, in un percorso [&hellip;]
