{"id":7012,"date":"2025-12-01T17:12:01","date_gmt":"2025-12-01T15:12:01","guid":{"rendered":"https:\/\/conshannover.esteri.it\/?page_id=7012"},"modified":"2026-03-23T17:17:44","modified_gmt":"2026-03-23T15:17:44","slug":"un-successo-tutto-italiano-la-settimana-della-cucina-italiana-nel-mondo-ad-amburgo","status":"publish","type":"page","link":"https:\/\/conshannover.esteri.it\/it\/servizi-consolari\/servizi-per-il-cittadino-italiano\/studi\/studio-della-lingua-italiana-nella-circoscrizione-consolare-di-hannover\/sezioni-bilingui-in-scuole-tedesche\/news-dalla-scuola\/un-successo-tutto-italiano-la-settimana-della-cucina-italiana-nel-mondo-ad-amburgo\/","title":{"rendered":"Un successo tutto italiano: la Settimana della Cucina Italiana nel Mondo 2025 ad Amburgo"},"content":{"rendered":"<p>In occasione della <strong>Settimana della Cucina Italiana nel Mondo<\/strong>, le classi terza e quarta C della sezione bilingue della <strong>Scuola Primaria D\u00f6hrnstra\u00dfe di Amburgo<\/strong>, guidate dall\u2019insegnante ministeriale di italiano <strong>Marilena Mazz\u00e0<\/strong> e dalla coordinatrice della sezione italiana <strong>Annastella Marcianesi<\/strong>, hanno dato vita a un evento straordinario che ha conquistato oltre 150 partecipanti tra genitori, insegnanti e rappresentanti delle istituzioni italiane e tedesche.<\/p>\n<p>Nulla \u00e8 stato lasciato al caso: dalla scelta del men\u00f9 alla presenza della fotografa ufficiale, dal cantante e dalla musica rigorosamente italiana fino al servizio impeccabile dei piccoli camerieri \u2013 i bambini stessi, che con entusiasmo hanno servito genitori e ospiti. Ogni dettaglio ha contribuito a creare un\u2019atmosfera autentica e festosa.<\/p>\n<p>La cucina regionale del Sud Italia \u00e8 stata protagonista assoluta:<\/p>\n<ul>\n<li><strong>Mozzarella di bufala<\/strong><\/li>\n<li><strong>Pasta di altissima qualit\u00e0 <\/strong><\/li>\n<li><strong>Sugo alla Corte D\u2019assise <\/strong><\/li>\n<\/ul>\n<p>A completare il men\u00f9, i dolci della tradizione natalizia: <strong>torroni<\/strong> e <strong>panettoni al bergamotto<\/strong>, definito l\u2019oro verde di Calabria.<\/p>\n<p>Durante la serata non c\u2019\u00e8 stata alcuna divisione tra le famiglie italiane e tedesche: ha prevalso un autentico spirito di comunit\u00e0, dove tutti si sono sentiti parte di un unico gruppo, uniti dalla condivisione e dall\u2019entusiasmo dei bambini. La cucina italiana infatti, non \u00e8 solo cibo: \u00e8 cultura, famiglia e dialogo tra i popoli. Eventi come questo costruiscono <strong>ponti tra culture diverse<\/strong>, ricordando l\u2019importanza di mantenere vive le radici e, al tempo stesso, aprirsi al mondo con amicizia e curiosit\u00e0.<\/p>\n<p>Lo spirito che ha animato la festa \u00e8 stato quello della <strong>condivisione<\/strong> e del sentirsi parte di un gruppo, con orgoglio e senso di patriottismo. I prodotti della terra del Sud hanno portato con s\u00e9 un messaggio di identit\u00e0 e amore, che la scuola ha avuto la fortuna di condividere con tutta la comunit\u00e0.<\/p>\n<p>A suggellare la serata, la notizia che la Cucina Italiana nel Mondo \u00e8 stata riconosciuta patrimonio immateriale UNESCO: un riconoscimento che ha reso l\u2019evento ancora pi\u00f9 significativo, trasformandolo in un momento di celebrazione non solo locale, ma universale.<\/p>\n","protected":false},"excerpt":{"rendered":"In occasione della Settimana della Cucina Italiana nel Mondo, le classi terza e quarta C della sezione bilingue della Scuola Primaria D\u00f6hrnstra\u00dfe di Amburgo, guidate dall\u2019insegnante ministeriale di italiano Marilena Mazz\u00e0 e dalla coordinatrice della sezione italiana Annastella Marcianesi, hanno dato vita a un evento straordinario che ha conquistato oltre 150 partecipanti tra genitori, insegnanti [&hellip;]","protected":false},"author":8,"featured_media":6995,"parent":2849,"menu_order":9,"comment_status":"closed","ping_status":"closed","template":"","meta":{"footnotes":""},"class_list":["post-7012","page","type-page","status-publish","has-post-thumbnail","hentry"],"_links":{"self":[{"href":"https:\/\/conshannover.esteri.it\/it\/wp-json\/wp\/v2\/pages\/7012","targetHints":{"allow":["GET"]}}],"collection":[{"href":"https:\/\/conshannover.esteri.it\/it\/wp-json\/wp\/v2\/pages"}],"about":[{"href":"https:\/\/conshannover.esteri.it\/it\/wp-json\/wp\/v2\/types\/page"}],"author":[{"embeddable":true,"href":"https:\/\/conshannover.esteri.it\/it\/wp-json\/wp\/v2\/users\/8"}],"replies":[{"embeddable":true,"href":"https:\/\/conshannover.esteri.it\/it\/wp-json\/wp\/v2\/comments?post=7012"}],"version-history":[{"count":2,"href":"https:\/\/conshannover.esteri.it\/it\/wp-json\/wp\/v2\/pages\/7012\/revisions"}],"predecessor-version":[{"id":7016,"href":"https:\/\/conshannover.esteri.it\/it\/wp-json\/wp\/v2\/pages\/7012\/revisions\/7016"}],"up":[{"embeddable":true,"href":"https:\/\/conshannover.esteri.it\/it\/wp-json\/wp\/v2\/pages\/2849"}],"wp:featuredmedia":[{"embeddable":true,"href":"https:\/\/conshannover.esteri.it\/it\/wp-json\/wp\/v2\/media\/6995"}],"wp:attachment":[{"href":"https:\/\/conshannover.esteri.it\/it\/wp-json\/wp\/v2\/media?parent=7012"}],"curies":[{"name":"wp","href":"https:\/\/api.w.org\/{rel}","templated":true}]}}

<p>In occasione della <strong>Settimana della Cucina Italiana nel Mondo</strong>, le classi terza e quarta C della sezione bilingue della <strong>Scuola Primaria Döhrnstraße di Amburgo</strong>, guidate dall’insegnante ministeriale di italiano <strong>Marilena Mazzà</strong> e dalla coordinatrice della sezione italiana <strong>Annastella Marcianesi</strong>, hanno dato vita a un evento straordinario che ha conquistato oltre 150 partecipanti tra genitori, insegnanti e rappresentanti delle istituzioni italiane e tedesche.</p>
<p>Nulla è stato lasciato al caso: dalla scelta del menù alla presenza della fotografa ufficiale, dal cantante e dalla musica rigorosamente italiana fino al servizio impeccabile dei piccoli camerieri – i bambini stessi, che con entusiasmo hanno servito genitori e ospiti. Ogni dettaglio ha contribuito a creare un’atmosfera autentica e festosa.</p>
<p>La cucina regionale del Sud Italia è stata protagonista assoluta:</p>
<ul>
<li><strong>Mozzarella di bufala</strong></li>
<li><strong>Pasta di altissima qualità </strong></li>
<li><strong>Sugo alla Corte D’assise </strong></li>
</ul>
<p>A completare il menù, i dolci della tradizione natalizia: <strong>torroni</strong> e <strong>panettoni al bergamotto</strong>, definito l’oro verde di Calabria.</p>
<p>Durante la serata non c’è stata alcuna divisione tra le famiglie italiane e tedesche: ha prevalso un autentico spirito di comunità, dove tutti si sono sentiti parte di un unico gruppo, uniti dalla condivisione e dall’entusiasmo dei bambini. La cucina italiana infatti, non è solo cibo: è cultura, famiglia e dialogo tra i popoli. Eventi come questo costruiscono <strong>ponti tra culture diverse</strong>, ricordando l’importanza di mantenere vive le radici e, al tempo stesso, aprirsi al mondo con amicizia e curiosità.</p>
<p>Lo spirito che ha animato la festa è stato quello della <strong>condivisione</strong> e del sentirsi parte di un gruppo, con orgoglio e senso di patriottismo. I prodotti della terra del Sud hanno portato con sé un messaggio di identità e amore, che la scuola ha avuto la fortuna di condividere con tutta la comunità.</p>
<p>A suggellare la serata, la notizia che la Cucina Italiana nel Mondo è stata riconosciuta patrimonio immateriale UNESCO: un riconoscimento che ha reso l’evento ancora più significativo, trasformandolo in un momento di celebrazione non solo locale, ma universale.</p>

In occasione della Settimana della Cucina Italiana nel Mondo, le classi terza e quarta C della sezione bilingue della Scuola Primaria Döhrnstraße di Amburgo, guidate dall’insegnante ministeriale di italiano Marilena Mazzà e dalla coordinatrice della sezione italiana Annastella Marcianesi, hanno dato vita a un evento straordinario che ha conquistato oltre 150 partecipanti tra genitori, insegnanti [&hellip;]
